 What is z(3)?
1
Let v(w) = -w**3 + 48*w**2 + 99*w - 84. Determine v(50).
-134
Let t(p) = -12*p**2 - 127*p + 254. Give t(2).
-48
Let j(c) = 3*c**2 + 206*c - 41. Determine j(-69).
28
Let s(k) = -3*k**2 + 101*k - 398. Determine s(29).
8
Let o(d) = d**3 - 17*d**2 + 81*d - 13. Determine o(11).
152
Let b(o) = 7*o**2 + 227*o - 101. Give b(-33).
31
Let q(f) = -2*f**2 - 8*f + 355. What is q(17)?
-359
Let l(o) = -29*o**2 - 31*o + 29. Calculate l(1).
-31
Let f(k) = k**3 - 16*k**2 - 57*k + 928. Give f(15).
-152
Let c(q) = 13*q**2 + 586*q + 631. Calculate c(-44).
15
Let h(s) = 6*s**3 - 97*s**2 + 15*s - 63. What is h(16)?
-79
Let m(i) = -10*i**2 - 693*i - 74. Calculate m(-70).
-564
Let i(h) = 3*h**2 + 35*h + 69. Give i(-9).
-3
Let k(h) = 211*h - 19. Calculate k(0).
-19
Let p(v) = -v**3 + 126*v**2 - 3869*v - 8. Determine p(73).
-8
Let p(c) = 6*c**2 - 15*c - 175. Calculate p(7).
14
Let w(h) = -33*h - 1103. What is w(-24)?
-311
Let p(x) = 424*x**3 + 4*x + 3. Give p(-1).
-425
Let t(z) = z**2 - 8*z - 30. Calculate t(-7).
75
Let v(x) = -x**2 - 11*x + 3099. What is v(49)?
159
Let o(d) = -d**3 + 10*d**2 + 17*d - 68. What is o(10)?
102
Let t(q) = 19*q - 153. Calculate t(-3).
-210
Let b(s) = 8*s**3 + 47*s**2 - 5*s - 9. What is b(-6)?
-15
Let o(p) = -p**2 - 80*p + 15307. Give o(-170).
7
Let f(h) = -h**3 - 219*h**2 - 1683*h + 1054. Determine f(-211).
-1
Let g(t) = -t**2 - 30*t - 220. Determine g(-13).
1
Let j(u) = -3*u**2 + 128*u - 109. Give j(42).
-25
Let i(p) = p**2 - 64*p - 18292. Give i(-107).
5
Let i(m) = 7*m**3 + 92*m**2 - 190*m + 81. What is i(-15)?
6
Let x(b) = 54*b**2 - 7*b - 6. What is x(-1)?
55
Let i(n) = -78*n + 845. Give i(9).
143
Let r(z) = -9*z**2 + 108*z + 82. Give r(13).
-35
Let v(i) = -35*i**2 + 26*i - 87. Calculate v(3).
-324
Let o(x) = 6*x + 45. Calculate o(-6).
9
Let x(v) = -v**3 + 36*v**2 + 35*v + 63. What is x(37)?
-11
Let x(c) = -6196*c - 12378. What is x(-2)?
14
Let u(p) = -8*p**3 - 9*p**2 + 14*p + 7. Calculate u(2).
-65
Let p(w) = -189*w + 3020. Give p(16).
-4
Let h(m) = m**2 - 112*m + 1546. What is h(18)?
-146
Let u(s) = 15*s + 140. What is u(-11)?
-25
Let h(m) = 8*m**3 - 27*m**2 + 5*m - 17. Determine h(3).
-29
Let m(k) = k**3 + k**2 + 3*k - 22. What is m(-4)?
-82
Let z(n) = -75*n + 1027. Determine z(15).
-98
Let y(b) = -30*b + 85. Determine y(3).
-5
Let q(o) = -391*o + 2755. Calculate q(7).
18
Let k(m) = -m**2 + 4*m + 516. Determine k(25).
-9
Let m(j) = 44*j**2 + 925*j + 14. Give m(-21).
-7
Let h(c) = -c**3 + 52*c**2 - 42*c + 90. Give h(51).
549
Let l(h) = -h**3 - 8*h**2 + 12*h + 120. What is l(-9)?
93
Let o(u) = 147*u - 1189. Determine o(8).
-13
Let k(y) = 1311*y - 13112. Calculate k(10).
-2
Let w(q) = -q**3 + 46*q**2 + 39*q + 2685. Give w(48).
-51
Let c(g) = -2*g**3 + 17*g**2 + 390*g - 3184. Calculate c(8).
0
Let w(a) = a**2 + 515*a + 7981. Determine w(-16).
-3
Let r(z) = 130*z + 3544. What is r(-27)?
34
Let z(b) = b**3 + b**2 - 2*b - 3. Give z(-1).
-1
Let m(l) = -l**3 - 25*l**2 - 78*l + 125. Give m(-21).
-1
Let q(k) = k**3 + 32*k**2 + 89*k + 69. What is q(-29)?
11
Let i(m) = 2725*m - 2729. Give i(1).
-4
Let g(m) = m**3 + 26*m**2 - 28*m - 38. Calculate g(-27).
-11
Let o(m) = -2*m**2 + 63*m - 26. Determine o(30).
64
Let j(v) = v**3 - 7*v**2 + 69*v + 455. Calculate j(-4).
3
Let p(r) = -9*r**2 - 37*r - 4. Determine p(-4).
0
Let n(r) = -r**3 - 39*r**2 - 369*r + 153. Calculate n(-18).
-9
Let p(w) = w**3 + 29*w**2 - 391*w - 48. Determine p(-39).
-9
Let x(d) = d**3 + d**2 - 66*d + 53. Give x(7).
-17
Let v(t) = -71*t - 3. Give v(-7).
494
Let v(g) = -g**3 + 152*g**2 + 2337*g - 2167. Give v(166).
-9
Let o(p) = 28*p**3 - 7*p**2 - 18*p - 6. What is o(-3)?
-771
Let v(f) = -3*f**2 - 32*f + 15. Give v(-12).
-33
Let g(q) = 163*q - 790. Determine g(5).
25
Let a(j) = -j**3 + 9*j**2 + 340*j - 2795. Calculate a(8).
-11
Let n(r) = -105*r - 596. What is n(-6)?
34
Let s(n) = 7*n + 138. Calculate s(-21).
-9
Let a(h) = -h**3 - 12*h**2 + 86*h + 36. What is a(6)?
-96
Let h(y) = -261*y - 1048. Calculate h(-4).
-4
Let s(n) = -61*n + 1510. Determine s(24).
46
Let p(d) = 2*d**3 + 209*d**2 - 107*d - 207. Determine p(-105).
3
Let j(g) = -7*g**2 - 18*g - 55. Calculate j(-4).
-95
Let c(p) = -p**2 + 8*p - 26. Determine c(5).
-11
Let k(b) = 18*b**2 - 123*b - 26. Give k(7).
-5
Let r(c) = 4*c**2 - 499*c + 5307. Calculate r(113).
-4
Let z(o) = 4*o**2 + 50*o + 283. Give z(-9).
157
Let g(z) = -z**3 - 107*z**2 - 1738*z + 168. What is g(-87)?
-6
Let u(v) = v**2 - 96*v - 2877. Calculate u(120).
3
Let c(k) = -k**3 - 158*k**2 - 2145*k - 6. Determine c(-143).
-6
Let j(s) = -s**2 - 36*s + 73. Give j(2).
-3
Let g(m) = 21502*m + 172014. Calculate g(-8).
-2
Let v(z) = -1089*z - 5448. Calculate v(-5).
-3
Let z(b) = 7*b**2 + 60*b - 18. Determine z(-10).
82
Let v(o) = 16*o**2 + 7*o - 86. Give v(5).
349
Let r(h) = -h**3 + 30*h**2 - 14*h + 1504. Determine r(31).
109
Let a(t) = -35*t + 192. What is a(6)?
-18
Let c(u) = u**2 + 56*u - 161. Calculate c(-59).
16
Let h(b) = -b**3 + 22*b**2 + 20*b - 20. Give h(23).
-89
Let f(o) = o**3 + 3*o**2 - 90. Give f(0).
-90
Let v(m) = 22*m**2 + 219*m + 108. Give v(-9).
-81
Let w(j) = 4*j**2 - 113*j + 224. Give w(2).
14
Let z(r) = -32*r + 178. What is z(-5)?
338
Let p(k) = 43*k + 448. Calculate p(-13).
-111
Let v(j) = -51*j + 1067. What is v(21)?
-4
Let j(n) = -121*n - 944. Give j(-8).
24
Let x(h) = 17*h - 13. What is x(3)?
38
Let s(v) = -10*v**2 - 7*v - 25. What is s(7)?
-564
Let u(c) = 3050*c + 21357. Give u(-7).
7
Let w(y) = 21*y + 153. What is w(-5)?
48
Let z(o) = 2*o**2 + 43*o + 211. Give z(-13).
-10
Let j(c) = c**3 - 53*c + 61. Calculate j(7).
33
Let z(a) = -a**2 + 94*a + 7394. Calculate z(-51).
-1
Let b(m) = 136*m + 3950. What is b(-29)?
6
Let z(a) = 11*a**3 - 321*a**2 + 94*a - 1040. Determine z(29).
4
Let t(b) = -159*b + 4111. Determine t(26).
-23
Let o(x) = 5*x**3 + 196*x**2 + 42*x + 241. Determine o(-39).
124
Let w(g) = g**2 + 72*g + 483. Calculate w(-8).
-29
Let h(v) = v**3 + 19*v**2 + 55*v - 76. Determine h(-15).
-1
Let c(f) = -f**3 - 4*f**2 - 12*f - 11. Calculate c(-3).
16
Let i(f) = -5*f**2 + 87*f - 340. What is i(7)?
24
Let r(x) = 10*x**2 + 11*x + 1. What is r(-1)?
0
Let v(z) = -210*z - 840. What is v(-4)?
0
Let q(w) = -4*w**3 + 31*w**2 - 17*w + 47. Calculate q(7).
75
Let h(y) = 17*y**2 + 211*y + 5. Give h(-12).
-79
Let l(c) = 882*c + 7033. Give l(-8).
-23
Let i(l) = l**2 + 174*l + 4653. Give i(-33).
0
Let p(f) = f**3 + 13*f**2 - 7*f - 95. Calculate p(-14).
-193
Let a(z) = -71*z - 510. Calculate a(-8).
58
Let b(v) = v**3 - 29*v**2 + 25*v + 307. Determine b(27).
-476
Let v(z) = 59*z - 521. Determine v(10).
69
Let k(c) = -59*c - 95. Give k(0).
-95
Let d(j) = -6*j**2 + 56*j - 89. What is d(7)?
9
Let c(j) = -j**3 - 26*j - 1. Calculate c(-7).
524
Let f(l) = l**3 - 40*l**2 + 35*l + 155. Calculate f(39).
-1
Let h(l) = -l**3 + 31*l**2 - 69*l + 1. Give h(28).
421
Let f(k) = -3*k**2 + 528*k - 2. Calculate f(176).
-2
Let f(c) = -427*c + 115. What is f(3)?
-1166
Let w(i) = i**3 + 10*i**2 + 40*i - 7. Give w(-4).
-71
Let i(p) = -4*p**3 - 102*p**2 - 48*p + 64. Give i(-25).
14
Let x(c) = -336*c + 25834. Calculate x(77).
-38
Let g(z) = z**2 + 23*z + 201. Determine g(-26).
279
Let l(r) = 14*r**2 - 349*r - 32. What is l(25)?
-7
Let y(i) = -120*i - 180. Determine y(4).
-660
Let o(v) = -257*v - 2566. Calculate o(-10).
4
Let s(i) = -2*i**2 - 70*i + 403. What is s(5)?
3
Let u(w) = w**2 - 166*w - 2908. Give u(-16).
4
Let v(y) = -7*y + 106. What is v(27)?
-83
Let h(f) = 6919*f - 83022. Determine h(12).
6
Let t(b) = -b**2 - 74*b + 325. Determine t(4).
13
Let x(l) = 66*l + 1388. Calculate x(-18).
200
Let a(r) = 4*r**2 - 116*r - 124. What is a(30)?
-4
Let c(t) = 1462*t - 71637. Give c(49).
1
Let u(x) = -21*x + 4023. Give u(192).
-9
Let z(b) = 3*b**2 + 151*b - 2034. What is z(11)?
-10
Let g(o) = o**2 - 20*o + 58. What is g(17)?
7
Let n(z) = -z**3 + 67*z**2 + 2*z - 128. What is n(67)?
6
Let j(o) = -o**2 + 19*o - 105. What is j(12)?
-21
Let d(b) = b**2 - 278*b + 1680. What is d(6)?
48
Let d(g) = -148*g + 401. Give d(3).
-43
Let a(x) = 3554*x - 99513. Calculate a(28).
-1
Let q(s) = -2*s**3 - 39*s**2 - 41*s + 16. What is q(-18)?
-218
Let y(a) = 5671*a + 11370. What is y(-2)?
28
Let m(y) = 479*y + 3368. What is m(-7)?
15
Let q(r) = -r**2 - 22*r - 3. Give q(-1).
18
Let c(i) = 